to base 4.
-300002012
1012102002202102 (base 3) to base 16
106d3ba
What is 10010110101101100100 (base 2) in base 11?
391887
1661470 (base 9) to base 8
3421011
Convert 200330030122 (base 4) to base 2.
100000111100001100011010
-223030220 (base 4) to base 13
-626c6
What is -332000240 (base 5) in base 13?
-3b4444
Convert 29633 (base 13) to base 14.
2059d
Convert 10222 (base 8) to base 15.
13cc
-1a5950 (base 12) to base 2
-1110001110100001100
Convert -209505 (base 11) to base 8.
-1215543
9133600 (base 10) to base 13
1b7a3c8
What is 202021111 (base 4) in base 7?
1121521
Convert 102200100211 (base 3) to base 4.
320020030
Convert 331303100 (base 4) to base 2.
111101110011010000
Convert 2015435 (base 8) to base 15.
a7604
-17625543 (base 8) to base 2
-1111110010101101100011
What is 1000000111010010000 (base 2) in base 13?
94029
32032232 (base 4) to base 9
87852
Convert 352410 (base 7) to base 9.
105760
Convert 171394 (base 10) to base 7.
1312456
Convert 21157 (base 13) to base 9.
100627
-1036b6 (base 12) to base 5
-31130033
Convert -238214 (base 15) to base 12.
-69a83a
-487c51 (base 13) to base 7
-20500015
13034013 (base 6) to base 9
716470
Convert -33b3a (base 14) to base 16.
-1eaf8
44675577 (base 8) to base 3
200012001110001
What is -231100120 (base 4) in base 15?
-39dcd
Convert -6003515 (base 7) to base 8.
-2545154
212200001220 (base 3) to base 5
104402012
-317015 (base 13) to base 2
-100011010101011001101
What is 2ab (base 15) in base 9?
748
Convert 7690441 (base 10) to base 14.
10428d3
23887 (base 12) to base 11
32aa6
32322231210 (base 4) to base 2
1110111010101101100100
What is 870d (base 14) in base 12?
11609
-161701c (base 13) to base 14
-d2ad00
What is -232000023 (base 4) in base 15?
-3ac6c
5174784 (base 9) to base 15
39972a
Convert 4032011 (base 5) to base 14.
197a7
What is 11134716 (base 8) in base 3?
11112021121001
What is 232111121231 (base 4) in base 6?
1112200445
What is 11010010100011011 (base 2) in base 11?
73aa3
What is -156352332 (base 7) in base 14?
-15b3b52
-30443365 (base 7) to base 8
-11561714
Convert -156205 (base 7) to base 16.
-78fd
What is -40948a (base 11) in base 10?
-656765
What is 87131a (base 11) in base 14?
283722
What is -98a284 (base 12) in base 16?
-24f904
Convert -100010100011110111 (base 2) to base 10.
-141559
-10010000010100010101 (base 2) to base 11
-374137
-105a25 (base 12) to base 9
-434172
What is -5345024 (base 6) in base 5?
-31403023
What is -45dc (base 14) in base 15?
-3900
What is -104212402 (base 7) in base 4?
-113323110220
94fcc (base 16) to base 10
610252
-47825 (base 13) to base 16
-1ffbe
c36c8a (base 15) to base 8
43333437
-25afcb (base 16) to base 14
-48412b
What is 23c506 (base 14) in base 3?
2022020010100
-1000101010001 (base 2) to base 6
-32305
What is 1243324 (base 6) in base 3?
10110111121
What is -21044303 (base 5) in base 8?
-525551
-46491 (base 11) to base 10
-67134
154716 (base 13) to base 5
113232323
Convert 3103132233 (base 4) to base 5.
210204343
-1100111010100101001 (base 2) to base 3
-210111112102
Convert -182338 (base 12) to base 4.
-1212031130
Convert -1010101010100 (base 2) to base 7.
-21630
What is -76a0b0 (base 13) in base 5?
-1203330110
Convert 45d02d (base 16) to base 11.
2645523
Convert 103322030 (base 4) to base 9.
133768
What is 773b (base 14) in base 12?
bb35
-122010222200 (base 3) to base 9
-563880
-192ae (base 15) to base 5
-10102424
Convert 2315 (base 12) to base 11.
2a30
111011110010000000100 (base 2) to base 7
22436061
-707342 (base 8) to base 16
-38ee2
-11110446 (base 8) to base 5
-1103141304
Convert -2935670 (base 10) to base 5.
-1222420140
Convert -16a19a (base 12) to base 11.
-247674
42510 (base 8) to base 7
102465
What is -235714 (base 11) in base 4?
-1123030212
What is 1615541 (base 7) in base 11?
1424aa
-161616546 (base 7) to base 11
-6195377
Convert 21001112012012 (base 3) to base 4.
32103203210
What is -b6d6f (base 16) in base 4?
-2312311233
What is -2220314034 (base 5) in base 3?
-100010121210202
-13054521 (base 7) to base 5
-301041002
113583 (base 9) to base 12
33619
8546 (base 15) to base 6
334303
Convert -1122221424 (base 5) to base 4.
-21223313231
-3f17c (base 16) to base 14
-6a272
Convert 100110110110100101 (base 2) to base 9.
262263
-7b415 (base 13) to base 3
-102102100111
Convert 92713 (base 11) to base 5.
13312132
1101101111111001010 (base 2) to base 16
6dfca
Convert -8aa9 (base 12) to base 7.
-62610
Convert -216505114 (base 7) to base 8.
-62111421
What is 18446 (base 14) in base 12?
2b512
-1001111100011111110000 (base 2) to base 6
-131513504
5760704 (base 10) to base 7
66652025
34401111 (base 5) to base 16
4b91b
-125095 (base 11) to base 9
-330321
Convert -1202222021022 (base 3) to base 15.
-139ba2
Convert 6b7 (base 13) to base 5.
14124
Convert 403273 (base 11) to base 3.
1012221121020
What is -1000011001000110011000 (base 2) in base 16?
-219198
-619711 (base 10) to base 12
-25a767
What is -b7963 (base 12) in base 7?
-2024160
-14180da (base 14) to base 3
-200022220200022
-10301034 (base 5) to base 16
-1565c
Convert 20016 (base 14) to base 13.
28c99
-59aac0 (base 14) to base 5
-1241030212
What is 101100011111201 (base 3) in base 6?
313435031
What is 18b17a9 (base 12) in base 4?
103313120301
Convert -111100011001101101011 (base 2) to base 12.
-7b548b
What is -96775 (base 13) in base 12?
-11115a
Convert -552231 (base 6) to base 9.
-68841
What is -25d22 (base 14) in base 7?
-535342
485717 (base 10) to base 6
14224405
What is -25720530 (base 8) in base 5?
-2432233221
What is 3121420 (base 6) in base 12?
73270
-1603002 (base 7) to base 13
-78bc4
-1314230434 (base 5) to base 4
-30133102031
Convert 1011101101010110001011 (base 2) to base 12.
104028b
Convert -7203137 (base 8) to base 9.
-3518257
What is -3303331 (base 9) in base 16?
-1b1168
What is -13403514 (base 6) in base 2?
-1101110010100000110
Convert -1036411 (base 9) to base 16.
-87b38
What is 125430204 (base 7) in base 12?
2854a09
Convert -150795 (base 10) to base 2.
-100100110100001011
What is -64601230 (base 7) in base 6?
-314055514
What is -520344 (base 7) in base 2?
-10101101110111000
112122210020 (base 3) to base 5
33213103
-18b4a62 (base 13) to base 12
-28781b6
Convert 61831 (base 9) to base 14.
10c03
What is 109810 (base 13) in base 5?
100024211
Convert 100011000011000100 (base 2) to base 7.
1135350
What is 20062021 (base 7) in base 9?
3113081
What is 11500254 (base 6) in base 10?
365578
What is -1314155 (base 7) in base 16?
-29f9c
Convert -1111110010100010101 (base 2) to base 7.
-4253306
-3276516 (base 8) to base 6
-30540450
Convert 40a59 (base 12) to base 5.
10200303
-1397 (base 13) to base 8
-5414
Convert -6a6a02 (base 15) to base 16.
-4d974a
What is -1ad08 (base 16) in base 2?
-11010110100001000
What is -46008 (base 11) in base 10?
-66558
-11235673 (base 8) to base 13
-67587a
What is 14320044 (base 6) in base 8?
1701734
1547aa (base 13) to base 8
1777661
Convert -8a239b (base 15) to base 10.
-6588821
5b5d6 (base 16) to base 2
1011011010111010110
-1080c8 (base 15) to base 9
-1427858
What is 310342424 (base 5) in base 4?
10310022133
What is 401140320 (base 5) in base 9?
2873546
Convert -b35114 (base 15) to base 3.
-121000222011001
What is -1062550 (base 10) in base 3?
-1222222112201
What is -8076974 (base 10) in base 12?
-2856212
What is -2a524b (base 14) in base 16?
-167dc3
What is -13e0b6 (base 15) in base 13?
-27747c
What is 2745733 (base 8) in base 4?
2330233123
-15632560 (base 8) to base 7
-42516400
46076052 (base 8) to base 6
554105030
Convert -2b7bb2b (base 12) to base 11.
-5011930
42303 (base 10) to base 12
20593
-20333311 (base 4) to base 13
-13a0b
Convert -3a636 (base 16) to base 11.
-153757
Convert -5667338 (base 9) to base 5.
-1240244441
What is -11433342 (base 5) in base 9?
-174863
What is -158832 (base 14) in base 4?
-2313330330
-151617 (base 8) to base 3
-2202021220
Convert ec35 (base 16) to base 4.
32300311
-1010405 (base 6) to base 4
-23233211
111001101101100001111101 (base 2) to base 10
15128701
What is -1111011100111101110100 (base 2) in base 15?
-550389
What is 221312033 (base 4) in base 8?
516617
What is cc2024 (base 13) in base 16?
494870
Convert 8cb691 (base 13) to base 9.
6247345
What is 27907 (base 14) in base 3?
11222011122
Convert 2155577 (base 8) to base 9.
10742